{"id":417,"date":"2018-07-21T14:18:06","date_gmt":"2018-07-21T11:18:06","guid":{"rendered":"http:\/\/www.paavolanmetsastysseura.com\/?page_id=417"},"modified":"2018-07-21T14:18:06","modified_gmt":"2018-07-21T11:18:06","slug":"hirvenmetsastyssaannot","status":"publish","type":"page","link":"https:\/\/www.paavolanmetsastysseura.com\/?page_id=417","title":{"rendered":"Hirvenmets\u00e4styss\u00e4\u00e4nn\u00f6t"},"content":{"rendered":"<p>HIRVENMETS\u00c4STYSS\u00c4\u00c4NT\u00d6<br \/>\nPaavolan Mets\u00e4stysseura ry<br \/>\n9.4.2006<\/p>\n<p>YLEIST\u00c4<br \/>\n1. Mets\u00e4styksen suunnittelussa ja toteutuksessa noudatetaan voimassa olevaa<br \/>\nlains\u00e4\u00e4d\u00e4nt\u00f6\u00e4, hyvi\u00e4 mets\u00e4stystapoja ja mets\u00e4stysseuran s\u00e4\u00e4nt\u00f6j\u00e4 sek\u00e4<br \/>\nnaapuriseurojen kanssa tehtyj\u00e4 sopimuksia.<br \/>\n2. Kaadettavaksi anottavien hirvien lukum\u00e4\u00e4r\u00e4 sopeutetaan alueen hirvikannan<br \/>\nvuosituottoon, hirvitutkimuksen ja luvanmy\u00f6nt\u00e4j\u00e4n suosituksiin sek\u00e4 maa- ja<br \/>\nmets\u00e4talouden ja tieliikenteen vahinkom\u00e4\u00e4riin.<br \/>\n3. Mets\u00e4styksess\u00e4 noudatetaan tasavertaisuusperiaatetta eli seurueen j\u00e4senill\u00e4 on<br \/>\nyht\u00e4l\u00e4iset oikeudet ja velvollisuudet,<br \/>\nellei seuran s\u00e4\u00e4nn\u00f6iss\u00e4 toisin m\u00e4\u00e4r\u00e4t\u00e4.<br \/>\n4. Seuran hirvenmets\u00e4styss\u00e4\u00e4nt\u00f6 k\u00e4sitell\u00e4\u00e4n ja vahvistetaan tarvittaessa<br \/>\nhirvimiestenkokouksessa ja se saatetaan kaikkien seurueen j\u00e4senten tietoon ennen<br \/>\nmets\u00e4stykseen ryhtymist\u00e4.<br \/>\nMETS\u00c4STYSMAAT, YHTEISTOIMINTA<br \/>\n1. Seuran mets\u00e4stysmaiden vuokrauksesta vastaa johtokunta tai sen erikseen<br \/>\nvaltuuttamat seuran j\u00e4senet. (Maanvuokrausjaosto)<br \/>\n2. Mets\u00e4stysalueista pidet\u00e4\u00e4n ajantasalla olevaa kartastoa, joka on my\u00f6s<br \/>\nhirviseurueen k\u00e4yt\u00f6ss\u00e4.<br \/>\n3. Seura voi erillisp\u00e4\u00e4t\u00f6ksin ja erillissopimuksin kuulua hirvenmets\u00e4styksen ns.<br \/>\nyhteislupaan.<br \/>\nKAATOLUVAT<br \/>\n1. Kaatolupa-anomuksen tekemisest\u00e4 vastaa seuran johtokunta tai sen erikseen<br \/>\nvaltuuttamat j\u00e4senet, hirvijaosto tai hirviseurueen johto.<br \/>\n2. Kaatolupa-asioista seuran puolesta neuvottelevat lupa-anomuksen k\u00e4sittelij\u00e4n,<br \/>\nluvan my\u00f6nt\u00e4j\u00e4n ja mahdollisten yhteislupakumppaneiden kanssa seuran<br \/>\nnimenkirjoittajat tai vuosikokouksen tai johtokunnan teht\u00e4v\u00e4\u00e4n nime\u00e4m\u00e4t j\u00e4senet tai<br \/>\nseurueen mets\u00e4styksenjohtaja.<br \/>\nOSALLISTUMISOIKEUS JA SEURUEEN MUODOSTAMINEN<br \/>\n1. Hirvenmets\u00e4stykseen osallistumaan oikeutettuja ovat kaikki seuran j\u00e4senet, ellei<br \/>\nseuran s\u00e4\u00e4nn\u00f6iss\u00e4 ole muuta j\u00e4senyyslajiin liittyv\u00e4\u00e4 erityisehtoa.<br \/>\n2. Seuran hirviseurueet muodostetaan hirvimiesten kokouksessa.<br \/>\n3. Hirviseurueeseen liittyminen tapahtuu ilmoittautumalla viimeist\u00e4\u00e4n<br \/>\nhirvimiestenkokouksessa<br \/>\n4. Ampujana mets\u00e4stykseen osallistuvalla j\u00e4senell\u00e4 tulee olla suoritettuna voimassa<\/p>\n<p>oleva ampumakoe.<br \/>\nMETS\u00c4STYKSEN JOHTO JA MUU TEHT\u00c4V\u00c4JAKO<br \/>\n1. Seuran hirvenmets\u00e4styksen johtajan ja tarvittavan m\u00e4\u00e4r\u00e4n varajohtajia valitsee<br \/>\nvuosittain, seuran hirviseurue.<br \/>\n2. Hirviseurueen tarvitsemat muut toimihenkil\u00f6t seurue valitsee keskuudestaan.<br \/>\n3. Seurueen kokoontumisista ja niiss\u00e4 tehdyist\u00e4 p\u00e4\u00e4t\u00f6ksist\u00e4 pidet\u00e4\u00e4n kirjaa<br \/>\nmets\u00e4styksenjohtajan johdolla.<br \/>\n4. Mets\u00e4styskauden tapahtumat ja havainnot kirjataan tilastointia, seuran<br \/>\nvuosikertomusta, riistalaskentaa ja sidosryhmien tarpeita sek\u00e4 seuran omaa<br \/>\narkistointia varten.<br \/>\nMETS\u00c4STYKSEN ALOITTAMINEN JA METS\u00c4STYSK\u00c4YT\u00c4NN\u00d6T<br \/>\n1. Mets\u00e4styskauden aloittamisesta p\u00e4\u00e4tet\u00e4\u00e4n seurueen perustavassa kokouksessa ja<br \/>\najankohta tiedotetaan kokouksesta poissa olleille hirviseurueen j\u00e4senille.<br \/>\n2. Ns. yleisi\u00e4 seurueen mets\u00e4stysp\u00e4ivi\u00e4 ovat hirvenmets\u00e4styskauden viikonvaihteet<br \/>\n(la-su). Muina p\u00e4ivin\u00e4 tapahtuvasta mets\u00e4styksest\u00e4 p\u00e4\u00e4tt\u00e4\u00e4 hirviseurue.<br \/>\n3. Hirvikoirien k\u00e4yt\u00f6st\u00e4 ja k\u00e4ytt\u00f6vuoroista sovitaan hyviss\u00e4 ajoin etuk\u00e4teen.<br \/>\nTulkintatilanteet ratkaisee mets\u00e4styksenjohtaja tasapuolisuutta noudattaen.<br \/>\nOSALLISTUMISVELVOLLISUUS<br \/>\n1. Hirviseurueen j\u00e4senten velvollisuudesta osallista mets\u00e4stykseen ns. yleisin\u00e4<br \/>\nmets\u00e4stysp\u00e4ivin\u00e4 p\u00e4\u00e4tet\u00e4\u00e4n hirviseurueen vuosittaisessa perustavassa kokouksessa.<br \/>\nSeurueen j\u00e4senet ovat velvollisia osallistumaan my\u00f6s mets\u00e4stykseen liittyviin<br \/>\noheistoimintoihin.<br \/>\n2. Mets\u00e4stykseen liittyviksi oheistoiminnoiksi n\u00e4iss\u00e4 s\u00e4\u00e4nn\u00f6iss\u00e4 luetaan mm.<br \/>\nsaaliink\u00e4sittelyyn liittyv\u00e4t toimet, v\u00e4linehuolto, saaliink\u00e4sittelypaikan ja<br \/>\nmets\u00e4stysmajan puhtaanapito ja hoito, passipaikkahuolto sek\u00e4 peijaiset<br \/>\nvalmisteluineen.<br \/>\n3. Seuraamuksettomia vapaap\u00e4ivi\u00e4 yleisiksi sovituista mets\u00e4stysp\u00e4ivist\u00e4 seurueen<br \/>\nj\u00e4senell\u00e4 on perustamiskokouksen mukaisesti mets\u00e4styskauden aikana ___ tai on<br \/>\nosallistumisvelvollisuus sovittuihin jahteihin v\u00e4hint\u00e4\u00e4n 1 mets\u00e4stysp\u00e4iv\u00e4 viikossa,<br \/>\nsuositus 2 p\u00e4iv\u00e4\u00e4 viikossa<br \/>\n4. Seurueen j\u00e4senten mets\u00e4styksest\u00e4 poissaolop\u00e4ivilt\u00e4, jotka ylitt\u00e4v\u00e4t 7.3. kohdan<br \/>\nkiinti\u00f6n, j\u00e4sen maksaa hirviseurueen tilille 30 \u20ac\/poissaolop\u00e4iv\u00e4.<br \/>\nAMPUMATAITO, SAALIINK\u00c4SITTELY<br \/>\n1. Jokaisella ampujana mets\u00e4stykseen osallistuvalla on suositus k\u00e4yd\u00e4 2 kertaa<br \/>\nharjoitusammunnoissa ja hankkia riitt\u00e4v\u00e4n ampumataidon lis\u00e4ksi riitt\u00e4v\u00e4 valmius<br \/>\nsaaliin k\u00e4sittelyvaiheisiin.<br \/>\n2. Ellei mets\u00e4styksenjohtaja toisin m\u00e4\u00e4r\u00e4\u00e4, ampujan on suoritettava kaatolaukauksen<br \/>\nj\u00e4lkeen saaliin pist\u00e4minen ja suolistaminen.<br \/>\n3. Saalista tai sen arvoa ei tule vaarantaa tarpeettomasti ampumalla, taitamattomalla<br \/>\narmonlaukauksella\/-silla, ep\u00e4hygienialla tai muulla tavalla.<br \/>\n4. Jokainen seurueen j\u00e4sen on velvollinen osallistumaan tarvittaessa saaliin<\/p>\n<p>k\u00e4sittelyyn.<br \/>\nHAAVOITTAMISTILANNE<br \/>\n1. Ampujan tulee aina seurata tarkkaan hirven k\u00e4ytt\u00e4ytyminen siihen ammutun<br \/>\nlaukauksen j\u00e4lkeen.<br \/>\n2. Mik\u00e4li hirvi ei kaadu ampujan n\u00e4k\u00f6- tai kuuloet\u00e4isyydelle, t\u00e4m\u00e4n tulee:<br \/>\n*ilmoittaa ennakolta sovitulla tavalla tilanteesta mets\u00e4styksenjohtajalle<br \/>\n*merkit\u00e4 tarkoin ja selv\u00e4sti oma paikkansa laukaisuhetkell\u00e4<br \/>\n*merkit\u00e4 tarkoin ja selv\u00e4sti hirven sijainti ampumishetkell\u00e4<br \/>\nMik\u00e4li mets\u00e4styksenjohtaja ei ole toisin m\u00e4\u00e4r\u00e4nnyt, ampuja saa seurata haavoitetun<br \/>\nhirven j\u00e4lki\u00e4, ne merkiten ja sotkematta, enint\u00e4\u00e4n 150 metri\u00e4. Ammutun hirven<br \/>\nj\u00e4ljille l\u00e4hteminen on aina ilmoitettava naapuripasseille<br \/>\nKAATAJAM\u00c4\u00c4RITYS<br \/>\n\uf0b7 Tulkintatilanteissa hirven kaatajaksi nimet\u00e4\u00e4n henkil\u00f6, joka on todenn\u00e4k\u00f6isimmin<br \/>\nampunut siihen ensimm\u00e4isen\u00e4 tappavan osuman. Sellaiseksi katsotaan laukaus, joka<br \/>\nnormaalisti tappaa el\u00e4imen kahdessa tunnissa osumasta.<br \/>\n\uf0b7 Tulkintatilanteissa kaatajan nime\u00e4misen tekee mets\u00e4styksenjohtaja kuultuaan<br \/>\nkaikkia tapahtuman osapuolia ja muita todistajia.<br \/>\n\uf0b7 Tulkintatilanteissa kaatajiksi on nimett\u00e4viss\u00e4 useampikin henkil\u00f6, jotka jakavat<br \/>\nkaatajalle kuuluvan saalisosuuden<br \/>\nkesken\u00e4\u00e4n.<br \/>\nSAALIIN JAKO<br \/>\n\uf0b7 Kaadetun hirven nahka, p\u00e4\u00e4 mahdollisine sarvineen ja sy\u00f6t\u00e4v\u00e4t sis\u00e4elimet kuuluvat<br \/>\nmets\u00e4stysperinteiden mukaisesti hirvenkaatajalle, pois lukien mets\u00e4stysvieraat, joiden<br \/>\nosuudesta sovitaan etuk\u00e4teen.<br \/>\n\uf0b7 Kaadetusta hirvest\u00e4 toimitetaan kunnolliset paisti- ja\/tai keittotarpeet sille<br \/>\nmaanomistajalle, jonka omistamalle vuokramaalle hirvi kaatui. T\u00e4m\u00e4 ns. kiitospala<br \/>\nvoidaan korvata my\u00f6s muulla seuran perinteiden mukaisella tavalla.<br \/>\n\uf0b7 Lihanjako tapahtuu seurueen t\u00e4ysivaltaisten j\u00e4senten kesken tasaosuuksin, jotka<br \/>\njakotilanteessa arvotaan. Mets\u00e4stysvieraiden saalisosuuksista p\u00e4\u00e4tet\u00e4\u00e4n ennen vieraan<br \/>\nmets\u00e4styksen aloittamista.<br \/>\nRIKKOMUSSEURAAMUKSET, ERIMIELISYYSRATKAISUT<br \/>\n\uf0b7 Mets\u00e4styksenjohtaja ilmoittaa mets\u00e4styksen yhteydess\u00e4 tapahtuneista<br \/>\nmets\u00e4styslains\u00e4\u00e4d\u00e4nn\u00f6n rikkomisista viranomaisille. H\u00e4nen velvollisuutensa on<br \/>\nhuolehtia my\u00f6s muista s\u00e4\u00e4d\u00f6sten edellytt\u00e4mist\u00e4 ilmoitusvelvollisuuksista.<br \/>\n\uf0b7 Seuran s\u00e4\u00e4nt\u00f6jen, t\u00e4m\u00e4n mets\u00e4styss\u00e4\u00e4nn\u00f6n, hyvien mets\u00e4stystapojen tai<br \/>\nmets\u00e4styksenjohtajan ohjeiden ja m\u00e4\u00e4r\u00e4ysten rikkomisen k\u00e4sittelev\u00e4t v\u00e4litt\u00f6m\u00e4sti<br \/>\nmets\u00e4styksenjohtajat yhdess\u00e4.<\/p>\n<p>\uf0b7 Seurueen j\u00e4senten kesken mahdollisesti syntyv\u00e4t erimielisyydet on saatettava<br \/>\nmets\u00e4styksenjohtajien tietoon, joiden puolestaan tulee toimia v\u00e4limiehin\u00e4 ja m\u00e4\u00e4r\u00e4t\u00e4<br \/>\nerimielisyyksille ratkaisumalli mahdollisimman nopeasti.<br \/>\n\uf0b7 Rikkomuksista seurueen j\u00e4senille m\u00e4\u00e4r\u00e4tt\u00e4vien seuraamusten tulee olla perusteltuja<br \/>\nja kohtuullisia.<br \/>\nPEIJAISET<br \/>\n\uf0b7 Peijaiset ovat yksi tapa kiitt\u00e4\u00e4 mets\u00e4stysmaiden vuokraajia seuran<br \/>\ntoimintamahdollisuuksista. Peijaistapahtumalla edistet\u00e4\u00e4n ja lujitetaan<br \/>\nseuran\/seurueen ja maanomistajien sek\u00e4 muiden sidosryhmien v\u00e4list\u00e4<br \/>\nyhteistoimintaa.<br \/>\n\uf0b7 Peijaistapahtuman j\u00e4rjest\u00e4miseen ja peijaisiin osallistumisvelvollisia ovat<br \/>\nmahdollisuuksiensa mukaan kaikki seurueen j\u00e4senet.<br \/>\n\uf0b7 Peijaisryhm\u00e4 toimii tiiviiss\u00e4 yhteisty\u00f6ss\u00e4 seuran johtokunnan, mets\u00e4styksen<br \/>\njohtajiston ja hirviseurueen kanssa.<br \/>\nKUSTANNUKSET<br \/>\n\uf0b7 Hirviseurueen kulujen yhteism\u00e4\u00e4r\u00e4 jaetaan tasan seurueen jako-osuuksilla olevien<br \/>\nj\u00e4senten kesken.<br \/>\n\uf0b7 Hirviseurueen kulut muodostuvat mm. seuraavista menoerist\u00e4:<br \/>\n\uf0b7 lupamaksut<br \/>\n\uf0b7 yhteishankinnat<br \/>\n\uf0b7 muut kulut<br \/>\nYHTEISTOIMINTA<br \/>\n\uf0b7 Seuran mahdollisesta osallistumisesta naapurianojien kanssa yhteiseen kaatolupaan<br \/>\n(ns. yhteisanomus) p\u00e4\u00e4tet\u00e4\u00e4n vuosittain seuran hirvikokouksessa.<br \/>\n\uf0b7 Yhteisluvalla mets\u00e4st\u00e4vien osapuolten v\u00e4lill\u00e4 on kirjallisena erillinen<br \/>\nyhteistoimintasopimus, jonka sis\u00e4lt\u00f6 saatetaan seurueen j\u00e4senten tietoon.<br \/>\nMETS\u00c4STYSVIERAAT<br \/>\n\uf0b7 Hirviseurue voi ottaa jahteihinsa mets\u00e4stysvieraita. P\u00e4\u00e4t\u00f6ksen vieraiden ottamisesta<br \/>\nvoi tehd\u00e4 hirviseurue.<br \/>\n\uf0b7 Mets\u00e4stysvieraiden osalta p\u00e4\u00e4t\u00f6kset jahtij\u00e4rjestelyist\u00e4 tekee hirviseurue.<br \/>\n\uf0b7 Vieraiden is\u00e4nnyydest\u00e4 sek\u00e4 mets\u00e4stykseen ja mets\u00e4styss\u00e4\u00e4nt\u00f6ihin perehdytt\u00e4jist\u00e4<br \/>\np\u00e4\u00e4tet\u00e4\u00e4n ennen vieraan mets\u00e4styksen aloittamista.<br \/>\n\uf0b7 Vierailta peritt\u00e4vist\u00e4 maksuista p\u00e4\u00e4tt\u00e4\u00e4 jommankumman valtuuttamana hirviseurue.<br \/>\nMETS\u00c4STYSS\u00c4\u00c4NN\u00d6N TUNTEMUS<\/p>\n<p>\uf0b7 Jokainen seurueen j\u00e4sen ja mets\u00e4stysvieras on velvollinen perehtym\u00e4\u00e4n vuosittain<br \/>\nvahvistettavaan mets\u00e4styss\u00e4\u00e4nt\u00f6\u00f6n ja noudattamaan sit\u00e4.<br \/>\n\uf0b7 T\u00e4m\u00e4 mets\u00e4styss\u00e4\u00e4nt\u00f6 jaetaan seurueen j\u00e4senille ja mets\u00e4stysvieraille kirjallisena<br \/>\nennen mets\u00e4styksen aloittamista kuittausta vastaan.<br \/>\nLIITE: HYV\u00c4T METS\u00c4ST\u00c4J\u00c4TAVAT SML 13.4.1999<br \/>\nMETS\u00c4STYSS\u00c4\u00c4NN\u00d6N VAHVISTUSP\u00c4IV\u00c4<br \/>\n&#8230;15.\/&#8230;7..2006<\/p>\n","protected":false},"excerpt":{"rendered":"<p>HIRVENMETS\u00c4STYSS\u00c4\u00c4NT\u00d6 Paavolan Mets\u00e4stysseura ry 9.4.2006 YLEIST\u00c4 1. Mets\u00e4styksen suunnittelussa ja toteutuksessa noudatetaan voimassa olevaa lains\u00e4\u00e4d\u00e4nt\u00f6\u00e4, hyvi\u00e4 mets\u00e4stystapoja ja mets\u00e4stysseuran s\u00e4\u00e4nt\u00f6j\u00e4 sek\u00e4 naapuriseurojen kanssa tehtyj\u00e4 sopimuksia. 2. Kaadettavaksi anottavien hirvien lukum\u00e4\u00e4r\u00e4 sopeutetaan alueen hirvikannan vuosituottoon,&#46;&#46;&#46;<\/p>\n","protected":false},"author":1,"featured_media":0,"parent":2,"menu_order":0,"comment_status":"closed","ping_status":"closed","template":"","meta":{"footnotes":""},"class_list":["post-417","page","type-page","status-publish","hentry"],"_links":{"self":[{"href":"https:\/\/www.paavolanmetsastysseura.com\/index.php?rest_route=\/wp\/v2\/pages\/417","targetHints":{"allow":["GET"]}}],"collection":[{"href":"https:\/\/www.paavolanmetsastysseura.com\/index.php?rest_route=\/wp\/v2\/pages"}],"about":[{"href":"https:\/\/www.paavolanmetsastysseura.com\/index.php?rest_route=\/wp\/v2\/types\/page"}],"author":[{"embeddable":true,"href":"https:\/\/www.paavolanmetsastysseura.com\/index.php?rest_route=\/wp\/v2\/users\/1"}],"replies":[{"embeddable":true,"href":"https:\/\/www.paavolanmetsastysseura.com\/index.php?rest_route=%2Fwp%2Fv2%2Fcomments&post=417"}],"version-history":[{"count":1,"href":"https:\/\/www.paavolanmetsastysseura.com\/index.php?rest_route=\/wp\/v2\/pages\/417\/revisions"}],"predecessor-version":[{"id":418,"href":"https:\/\/www.paavolanmetsastysseura.com\/index.php?rest_route=\/wp\/v2\/pages\/417\/revisions\/418"}],"up":[{"embeddable":true,"href":"https:\/\/www.paavolanmetsastysseura.com\/index.php?rest_route=\/wp\/v2\/pages\/2"}],"wp:attachment":[{"href":"https:\/\/www.paavolanmetsastysseura.com\/index.php?rest_route=%2Fwp%2Fv2%2Fmedia&parent=417"}],"curies":[{"name":"wp","href":"https:\/\/api.w.org\/{rel}","templated":true}]}}